{"version":"1.0","provider_name":"Chayanne News - Noticias de Chayanne","provider_url":"https:\/\/www.chayfans.org\/blog","author_name":"Melanie","author_url":"https:\/\/www.chayfans.org\/blog\/author\/melanie\/","title":"Chayanne prende la Feria - Chayanne News - Noticias de Chayanne","type":"rich","width":600,"height":338,"html":"<blockquote class=\"wp-embedded-content\" data-secret=\"kVZIOhsCpj\"><a href=\"https:\/\/www.chayfans.org\/blog\/2007\/06\/25\/chayanne-prende-la-feria\/\">Chayanne prende la Feria<\/a><\/blockquote><iframe sandbox=\"allow-scripts\" security=\"restricted\" src=\"https:\/\/www.chayfans.org\/blog\/2007\/06\/25\/chayanne-prende-la-feria\/embed\/#?secret=kVZIOhsCpj\" width=\"600\" height=\"338\" title=\"&#8220;Chayanne prende la Feria&#8221; &#8212; Chayanne News - Noticias de Chayanne\" data-secret=\"kVZIOhsCpj\" frameborder=\"0\" marginwidth=\"0\" marginheight=\"0\" scrolling=\"no\" class=\"wp-embedded-content\"><\/iframe><script>\n\/*! This file is auto-generated *\/\n!function(d,l){\"use strict\";l.querySelector&&d.addEventListener&&\"undefined\"!=typeof URL&&(d.wp=d.wp||{},d.wp.receiveEmbedMessage||(d.wp.receiveEmbedMessage=function(e){var t=e.data;if((t||t.secret||t.message||t.value)&&!\/[^a-zA-Z0-9]\/.test(t.secret)){for(var s,r,n,a=l.querySelectorAll('iframe[data-secret=\"'+t.secret+'\"]'),o=l.querySelectorAll('blockquote[data-secret=\"'+t.secret+'\"]'),c=new RegExp(\"^https?:$\",\"i\"),i=0;i<o.length;i++)o[i].style.display=\"none\";for(i=0;i<a.length;i++)s=a[i],e.source===s.contentWindow&&(s.removeAttribute(\"style\"),\"height\"===t.message?(1e3<(r=parseInt(t.value,10))?r=1e3:~~r<200&&(r=200),s.height=r):\"link\"===t.message&&(r=new URL(s.getAttribute(\"src\")),n=new URL(t.value),c.test(n.protocol))&&n.host===r.host&&l.activeElement===s&&(d.top.location.href=t.value))}},d.addEventListener(\"message\",d.wp.receiveEmbedMessage,!1),l.addEventListener(\"DOMContentLoaded\",function(){for(var e,t,s=l.querySelectorAll(\"iframe.wp-embedded-content\"),r=0;r<s.length;r++)(t=(e=s[r]).getAttribute(\"data-secret\"))||(t=Math.random().toString(36).substring(2,12),e.src+=\"#?secret=\"+t,e.setAttribute(\"data-secret\",t)),e.contentWindow.postMessage({message:\"ready\",secret:t},\"*\")},!1)))}(window,document);\n\/\/# sourceURL=https:\/\/www.chayfans.org\/blog\/wp-includes\/js\/wp-embed.min.js\n<\/script>\n","description":"El en\u00e9rgico directo de Chayanne ser\u00e1 la mecha que prenda la Feria de Agosto de este a\u00f1o. Como ya ocurriera en 2006, la cadena de televisi\u00f3n MTV ha organizado un espectacular recital a orillas del mar que marcar\u00e1 el inicio de la semana grande de la ciudad. La noche del 10 de agosto, la playa [&hellip;]"}

El enérgico directo de Chayanne será la mecha que prenda la Feria de Agosto de este año. Como ya ocurriera en 2006, la cadena de televisión MTV ha organizado un espectacular recital a orillas del mar que marcará el inicio de la semana grande de la ciudad. La noche del 10 de agosto, la playa [&hellip;]
