{"version":"1.0","provider_name":"Chayanne News - Noticias de Chayanne","provider_url":"https:\/\/www.chayfans.org\/blog","author_name":"Melanie","author_url":"https:\/\/www.chayfans.org\/blog\/author\/melanie\/","title":"Chayanne descarta el retiro art\u00edstico - Chayanne News - Noticias de Chayanne","type":"rich","width":600,"height":338,"html":"<blockquote class=\"wp-embedded-content\" data-secret=\"cKnQAtS5FC\"><a href=\"https:\/\/www.chayfans.org\/blog\/2007\/05\/09\/chayanne-descarta-el-retiro-artistico\/\">Chayanne descarta el retiro art\u00edstico<\/a><\/blockquote><iframe sandbox=\"allow-scripts\" security=\"restricted\" src=\"https:\/\/www.chayfans.org\/blog\/2007\/05\/09\/chayanne-descarta-el-retiro-artistico\/embed\/#?secret=cKnQAtS5FC\" width=\"600\" height=\"338\" title=\"&#8220;Chayanne descarta el retiro art\u00edstico&#8221; &#8212; Chayanne News - Noticias de Chayanne\" data-secret=\"cKnQAtS5FC\" frameborder=\"0\" marginwidth=\"0\" marginheight=\"0\" scrolling=\"no\" class=\"wp-embedded-content\"><\/iframe><script>\n\/*! This file is auto-generated *\/\n!function(d,l){\"use strict\";l.querySelector&&d.addEventListener&&\"undefined\"!=typeof URL&&(d.wp=d.wp||{},d.wp.receiveEmbedMessage||(d.wp.receiveEmbedMessage=function(e){var t=e.data;if((t||t.secret||t.message||t.value)&&!\/[^a-zA-Z0-9]\/.test(t.secret)){for(var s,r,n,a=l.querySelectorAll('iframe[data-secret=\"'+t.secret+'\"]'),o=l.querySelectorAll('blockquote[data-secret=\"'+t.secret+'\"]'),c=new RegExp(\"^https?:$\",\"i\"),i=0;i<o.length;i++)o[i].style.display=\"none\";for(i=0;i<a.length;i++)s=a[i],e.source===s.contentWindow&&(s.removeAttribute(\"style\"),\"height\"===t.message?(1e3<(r=parseInt(t.value,10))?r=1e3:~~r<200&&(r=200),s.height=r):\"link\"===t.message&&(r=new URL(s.getAttribute(\"src\")),n=new URL(t.value),c.test(n.protocol))&&n.host===r.host&&l.activeElement===s&&(d.top.location.href=t.value))}},d.addEventListener(\"message\",d.wp.receiveEmbedMessage,!1),l.addEventListener(\"DOMContentLoaded\",function(){for(var e,t,s=l.querySelectorAll(\"iframe.wp-embedded-content\"),r=0;r<s.length;r++)(t=(e=s[r]).getAttribute(\"data-secret\"))||(t=Math.random().toString(36).substring(2,12),e.src+=\"#?secret=\"+t,e.setAttribute(\"data-secret\",t)),e.contentWindow.postMessage({message:\"ready\",secret:t},\"*\")},!1)))}(window,document);\n\/\/# sourceURL=https:\/\/www.chayfans.org\/blog\/wp-includes\/js\/wp-embed.min.js\n<\/script>\n","description":"Chayanne no se considera \u00fanico por el carisma con el que todo el mundo lo identifica. Ese saz\u00f3n que por ah\u00ed dicen que lo hace especial, es algo que tiene simplemente por ser puertorrique\u00f1o. \u201cSiempre lo que damos es amor y tratamos de ayudar a todo el mundo, entonces, \u00e9ste es un pa\u00eds con mucha [&hellip;]"}

Chayanne descarta el retiro artístico - Chayanne News - Noticias de Chayanne

<blockquote class="wp-embedded-content" data-secret="cKnQAtS5FC"><a href="https://www.chayfans.org/blog/2007/05/09/chayanne-descarta-el-retiro-artistico/">Chayanne descarta el retiro artístico</a></blockquote><iframe sandbox="allow-scripts" security="restricted" src="https://www.chayfans.org/blog/2007/05/09/chayanne-descarta-el-retiro-artistico/embed/#?secret=cKnQAtS5FC" width="600" height="338" title="&#8220;Chayanne descarta el retiro artístico&#8221; &#8212; Chayanne News - Noticias de Chayanne" data-secret="cKnQAtS5FC" frameborder="0" marginwidth="0" marginheight="0" scrolling="no" class="wp-embedded-content"></iframe><script>
/*! This file is auto-generated */
!function(d,l){"use strict";l.querySelector&&d.addEventListener&&"undefined"!=typeof URL&&(d.wp=d.wp||{},d.wp.receiveEmbedMessage||(d.wp.receiveEmbedMessage=function(e){var t=e.data;if((t||t.secret||t.message||t.value)&&!/[^a-zA-Z0-9]/.test(t.secret)){for(var s,r,n,a=l.querySelectorAll('iframe[data-secret="'+t.secret+'"]'),o=l.querySelectorAll('blockquote[data-secret="'+t.secret+'"]'),c=new RegExp("^https?:$","i"),i=0;i<o.length;i++)o[i].style.display="none";for(i=0;i<a.length;i++)s=a[i],e.source===s.contentWindow&&(s.removeAttribute("style"),"height"===t.message?(1e3<(r=parseInt(t.value,10))?r=1e3:~~r<200&&(r=200),s.height=r):"link"===t.message&&(r=new URL(s.getAttribute("src")),n=new URL(t.value),c.test(n.protocol))&&n.host===r.host&&l.activeElement===s&&(d.top.location.href=t.value))}},d.addEventListener("message",d.wp.receiveEmbedMessage,!1),l.addEventListener("DOMContentLoaded",function(){for(var e,t,s=l.querySelectorAll("iframe.wp-embedded-content"),r=0;r<s.length;r++)(t=(e=s[r]).getAttribute("data-secret"))||(t=Math.random().toString(36).substring(2,12),e.src+="#?secret="+t,e.setAttribute("data-secret",t)),e.contentWindow.postMessage({message:"ready",secret:t},"*")},!1)))}(window,document);
//# sourceURL=https://www.chayfans.org/blog/wp-includes/js/wp-embed.min.js
</script>

Chayanne no se considera único por el carisma con el que todo el mundo lo identifica. Ese sazón que por ahí dicen que lo hace especial, es algo que tiene simplemente por ser puertorriqueño. “Siempre lo que damos es amor y tratamos de ayudar a todo el mundo, entonces, éste es un país con mucha [&hellip;]
